*w**2 + 86*w - 3. What is the tens digit of u(16)?
1
Let s be 26/39*222/(-8)*-2. Suppose 0 = -s*q + 52*q - 645. What is the tens digit of q?
4
What is the thousands digit of (-25 + -1)*44*783/(-232)?
3
Suppose -i + 30 = 5*y, 3*i + 3*y - 13 = 29. Let d be 6/i - (-4)/30*3. What is the tens digit of ((-4)/(4 - 0))/(d/(-150))?
5
Suppose 0 = -80*f + 69*f + 19404. Let k = f - 1256. What is the hundreds digit of k?
5
Let n = -39 - -44. Suppose -1 = 2*o - 3*v - 11, -5*o - n*v = 0. Suppose 3*d = -o*d + 275. What is the units digit of d?
5
Suppose 200*t - 198*t = 10330. What is the hundreds digit of t?
1
Suppose 0 = -5*u - w + 14547, 467*u + 5*w = 464*u + 8759. What is the thousands digit of u?
2
Let j = -740 + 1190. Suppose 0 = 5*l - j + 130. What is the tens digit of l?
6
Let j(n) = n**3 + 39*n**2 - 56*n - 27. Let g be -4 + (-6)/6 + 3 + -38. What is the hundreds digit of j(g)?
6
Let i(b) = 133*b - 20. Let d be i(-16). Let z = d - -3032. What is the units digit of z?
4
Let v(y) = 3*y**3 + 8*y**2 - 7*y - 2. Let q(p) = -p**3 - p**2 - p. Let o(m) = -2*q(m) - v(m). Let s be o(-7). Let n = 37 + s. What is the tens digit of n?
2
Let x(a) = -20*a**3 + 2*a**2 + 3*a + 6. Let u be x(4). Let h = 149 - u. What is the thousands digit of h?
1
Let a = -26 - -37. Let t(g) = 2*g**2 + 8*g + 20. Let r be t(a). Suppose -5*x + r - 25 = 0. What is the tens digit of x?
6
Suppose -28 = -5*x - 4*t + t, 2*x - 3*t = 7. Suppose -2*k = -5*k + 6. Suppose x*v + 96 + 17 = 3*o, -v - 80 = -k*o. What is the tens digit of o?
4
Suppose -110*k = -111*k - 6. Let q be (16/k)/((-1)/72). What is the units digit of q + (3 - 6) + (-8)/8?
8
Let z = -414 + 909. Let f = 267 - z. Let i = -150 - f. What is the units digit of i?
8
Let d(b) = -126*b**3 - 5*b**2 - 3*b - 1. Suppose 0 = -4*v + 3*v + 3, v + 5 = -4*k. What is the units digit of d(k)?
3
Suppose 578 = -5*m - 77. Let c be (200/(-3))/((-78)/(-234)). Let i = m - c. What is the tens digit of i?
6
Let q = 292 + -267. Suppose -4*i - 142 = -u, 4*u + q*i - 22*i = 511. What is the hundreds digit of u?
1
Let p be (0 - -46)*(-2)/2. Let t = p + -62. Let u = t - -237. What is the units digit of u?
9
Let q(y) = -y**2 - 8*y + 34. Let p(m) = -3*m**2 - 23*m + 102. Let i(j) = 3*p(j) - 8*q(j). Let v be i(-11). Let g = -14 - v. What is the units digit of g?
8
What is the units digit of -5 + 36/(-24)*6546/(-1 - 0)?
4
Suppose -4*k - 4*k + 392 = 0. Suppose 48*l - k*l = -167. What is the tens digit of l?
6
Let f = 32008 - 15507. What is the thousands digit of f?
6
Let j be 68/(-153) - 12/(-27). Suppose -7*m + 1922 + 2138 = j. What is the tens digit of m?
8
Suppose -10*v - 7*v - 1224 = 0. What is the units digit of (1/5 - 48/90)*v?
4
Suppose 4*l = 5*m - 4, 4*l = -5*m + 20 + 16. Suppose 0*v + 2597 = 5*s + v, 2068 = 4*s - m*v. What is the units digit of s?
9
Let h = 27 - 479. Let i = -260 - h. What is the units digit of i?
2
Let j = 53268 + 1403. What is the tens digit of j?
7
Let z = -4026 - -4024. Let h(s) be the third derivative of -23*s**6/120 - s**5/20 + s**3/2 - s**2. What is the units digit of h(z)?
5
Let v(w) = w**2 + 19*w - 18. Let o be v(-19). Let z(n) = n**3 + 16*n**2 - 15*n - 17. Let y be z(o). Let g = y - -566. What is the tens digit of g?
7
What is the tens digit of -3 - 156/(-65) - (-1)/((-5)/(-120628))?
2
Let w be 0 - (-11)/(-3 - 26/(-8)). Let f = w - 40. Suppose f*y + 5*y = 36. What is the units digit of y?
4
Let u = 130 + -122. What is the units digit of u/((-32)/12) + 284?
1
Let t be -3 - 2 - ((-27)/(-9) + 0). What is the hundreds digit of (-357630)/(-280) + 10/t?
2
Let f be (-3)/(-1) - (7 - 3 - 56). What is the units digit of f*(8 + 2 + -7)?
5
Suppose 232137 = 3*a + 4*g, -10284*g = 4*a - 10282*g - 309516. What is the ten thousands digit of a?
7
Let h(s) = 60*s - 3. Let n be h(5). Suppose 175 + n = 4*g - 4*j, 444 = 4*g + 3*j. Suppose -20*p + 14*p = -g. What is the units digit of p?
9
Suppose -10 = -2*r, -3*w + 5*w + 25 = r. Let v = w + 219. What is the hundreds digit of v?
2
What is the thousands digit of 18 - (6 + -4) - -24720?
4
Suppose -75677 = 11*v - 152557 - 153911. What is the ten thousands digit of v?
2
Let a(o) = 2*o**2 + 20*o - 19. Let y be a(-11). Suppose 5*g - 5*d = 25, -g = 2*g + 2*d. Suppose y*m - 31 = 5*p, 3*p - g = -17. What is the units digit of m?
2
What is the tens digit of ((-9250)/6)/((-150)/450)?
2
Suppose -578*n = -416*n - 1080702. What is the tens digit of n?
7
Suppose -49*l = -46*l. Suppose -i - 34 - 60 = l. Let m = -69 - i. What is the units digit of m?
5
Let t be -4 + 55 - 16/4. Suppose -x = -s - t + 2, 0 = 5*s. Let k = x - 4. What is the units digit of k?
1
Let d(q) = 62*q**2 - 11*q + 51. Let c = -542 + 546. What is the tens digit of d(c)?
9
Let a be (-1)/(-2)*9*64/(-96). What is the units digit of 1/((4 - a)/1379)?
7
Suppose 8979 = 8*u - 7185 + 3436. What is the thousands digit of u?
1
Suppose -58*v + 77*v - 165319 = 0. What is the hundreds digit of v?
7
Let r(i) = 2*i - 1. Let b be r(1). Let w be (-5 - -7)*b*(1 + -2). Let o(y) = 37*y**2 - 2*y + 1. What is the hundreds digit of o(w)?
1
Let v be (77/(-7))/(1/(-3)). Let o be 906/10 - v/55. Suppose 0 = -7*s + 5*s + o. What is the tens digit of s?
4
Let b = -290 + 1738. Suppose 5*h - 5*z = 1795, 4*h = 5*z - 7*z + b. What is the hundreds digit of h?
3
Let s = -115 + 117. Suppose -6*c = -c - s*z - 226, -5*z = -3*c + 147. What is the tens digit of c?
4
Suppose -4*m = -3*m - 102. Suppose -3*g = -y - m, g - 2*y - 3*y - 48 = 0. What is the tens digit of g?
3
Let b be 1/(8/12 + -1). Let d be 25 - 5/(5/b). Suppose -p - d + 101 = 5*v, 124 = 2*p - v. What is the tens digit of p?
6
What is the hundreds digit of -128 + 135 - (3 + 1 + -39183)?
1
Let n = 24988 - 8289. What is the ten thousands digit of n?
1
Let r be (78 + -79)/(2 + 17/(-9)). Let m(j) = -47*j - 57. What is the units digit of m(r)?
6
Let k be (-39 - -41) + (-1 - -4). Suppose -245 = -k*v - 5*z, 83 = 2*v + 3*z - 17. What is the units digit of v?
7
Let a be (22/4 - 6)*0. Suppose 42*i - 40*i - 600 = a. What is the tens digit of i?
0
Let l(m) = 300*m**2 + 8*m + 8. Let p be l(-1). Suppose p = 7*i + 83. What is the units digit of i?
1
Let n(b) = 32*b - 27. Let g(h) = -3*h**3 - h**2 - h - 4. Let c be g(-3). Let r = -66 + c. What is the units digit of n(r)?
3
Suppose 2*c - 8 = -4*z + 6, -5*c - 3*z + 49 = 0. Suppose -2*b = 2*r - 2706, -c*b - 2*r + 6756 = -6*b. What is the tens digit of b?
5
Let o = -28343 + 40234. What is the hundreds digit of o?
8
Suppose 6*q - b - 216082 = 0, -20*b + 15*b + 40 = 0. What is the units digit of q?
5
Suppose 5*z - 35 = -2*z. Suppose 4*a + 0*t = t + 88, -2*t = -z*a + 113. What is the tens digit of 268/28*3 - (-6)/a?
2
Suppose 10642 = 25*p - 8*p. What is the hundreds digit of 10/(-4) - -2 - p/(-4)?
1
Let b(f) = 1 + 2 + 0 + 0 + 3*f. Let t be b(-2). What is the tens digit of (10/30)/(t/(-279))?
3
What is the units digit of (-4)/((-2)/(-1)) - (-52606 - -231)?
3
Suppose 0*f + 40 = 20*f. Suppose 3*a - 644 + 100 = 2*r, 3*r = f*a - 356. What is the tens digit of a?
8
Suppose -363 = -3*m - 5*g, 5*m - 3*g - g = 605. Suppose -m*i = -116*i - 4120. What is the hundreds digit of i?
8
Let f = -599 + 1091. What is the units digit of f?
2
Let z be -1 + (-948)/15*(-6 + 1). Let m = 597 - z. What is the hundreds digit of m?
2
Let i(t) = -12*t**2 - 21*t - 14 - 3 - 5*t**2 - t**3. Suppose 3*v + 67 = 19. What is the tens digit of i(v)?
6
Suppose 27*o = -12*o - 8*o + 13818. What is the tens digit of o?
9
Let l(a) = 2*a**3 + 51*a**2 + 25*a - 2. Let d be l(-25). Let k(u) = -11 - 2*u - 5*u - 2. What is the units digit of k(d)?
1
Let k be (-78)/(-429) + 7*(-12)/(-22). Suppose 8*i - k*i - 722 = -3*v, 2*i = -5*v + 1222. What is the units digit of v?
6
Suppose -65408 = 5*b + 3*b - 16*b. What is the hundreds digit of b?
1
Suppose -65*v + 50*v = 30. What is the hundreds digit of (-582 + -5 + v)/(-1)?
5
Let c be 1/(-3) - ((-7805)/15 - 0). Suppose 31*u = 26*u + c. What is the tens digit of u?
0
Suppose 229 - 53 = 4*m. Suppose -3*s = 4*u + m, 4*u = -5*s + 4*s - 28. Let w(f) = -16*f - 12. What is the units digit of w(s)?
6
Suppose 0 = -39*j - 5*j + 13866 + 280230. What is the units digit of j?
4
Suppose 0 = -2*r + w + 12167, -6071 = -r + 198*w - 195*w. What is the units digit of r?
6
What is the hundreds digit of 9823 + ((-4)/(-16)*12)/(